{"id":847,"date":"2024-11-06T15:21:35","date_gmt":"2024-11-06T15:21:35","guid":{"rendered":"https:\/\/padelton.dk\/?page_id=847"},"modified":"2024-11-06T15:25:19","modified_gmt":"2024-11-06T15:25:19","slug":"elementor-847","status":"publish","type":"page","link":"https:\/\/padelton.dk\/?page_id=847","title":{"rendered":"Elementor #847"},"content":{"rendered":"\t\t<div data-elementor-type=\"wp-page\" data-elementor-id=\"847\" class=\"elementor elementor-847\">\n\t\t\t\t<div class=\"elementor-element elementor-element-1ba28920 e-flex e-con-boxed e-con e-parent\" data-id=\"1ba28920\" data-element_type=\"container\" data-e-type=\"container\" data-settings=\"{&quot;background_background&quot;:&quot;classic&quot;}\">\n\t\t\t\t\t<div class=\"e-con-inner\">\n\t\t\t\t<div class=\"elementor-element elementor-element-14498b9a elementor-widget elementor-widget-heading\" data-id=\"14498b9a\" data-element_type=\"widget\" data-e-type=\"widget\" data-widget_type=\"heading.default\">\n\t\t\t\t<div class=\"elementor-widget-container\">\n\t\t\t\t\t<h2 class=\"elementor-heading-title elementor-size-default\">Lunar Liga i Padelton H\u00f8rning<\/h2>\t\t\t\t<\/div>\n\t\t\t\t<\/div>\n\t\t\t\t\t<\/div>\n\t\t\t\t<\/div>\n\t\t<div class=\"elementor-element elementor-element-3afe8aa8 e-flex e-con-boxed e-con e-parent\" data-id=\"3afe8aa8\" data-element_type=\"container\" data-e-type=\"container\" data-settings=\"{&quot;background_background&quot;:&quot;classic&quot;}\">\n\t\t\t\t\t<div class=\"e-con-inner\">\n\t\t<div class=\"elementor-element elementor-element-6a200c53 e-con-full e-flex e-con e-child\" data-id=\"6a200c53\" data-element_type=\"container\" data-e-type=\"container\">\n\t\t\t\t<div class=\"elementor-element elementor-element-74a5e4ae elementor-widget elementor-widget-heading\" data-id=\"74a5e4ae\" data-element_type=\"widget\" data-e-type=\"widget\" data-widget_type=\"heading.default\">\n\t\t\t\t<div class=\"elementor-widget-container\">\n\t\t\t\t\t<h2 class=\"elementor-heading-title elementor-size-default\">Velkommen til Lunar Liga i Padelton H\u00f8rning!<\/h2>\t\t\t\t<\/div>\n\t\t\t\t<\/div>\n\t\t\t\t<div class=\"elementor-element elementor-element-3ef8610a elementor-widget elementor-widget-text-editor\" data-id=\"3ef8610a\" data-element_type=\"widget\" data-e-type=\"widget\" data-widget_type=\"text-editor.default\">\n\t\t\t\t<div class=\"elementor-widget-container\">\n\t\t\t\t\t\t\t\t\t<p>Hos Padelton H\u00f8rning er padel meget mere end blot en sport \u2013 det er en passion, et f\u00e6llesskab og en klub, du bliver en del af. Lunar Liga er vores platform, hvor vi samler padelentusiaster p\u00e5 alle niveauer og skaber et st\u00e6rkt, socialt netv\u00e6rk omkring spillet, vi elsker.<\/p><h3>Hvad er Lunar Liga?<\/h3><p>Lunar Liga er Dansk Padel Forbunds svar p\u00e5 et holdturnering, der giver dig mulighed for at spille konkurrencedygtige kampe og udvikle dit spil \u2013 uden at miste f\u00f8lelsen af f\u00e6llesskab. I Padelton spiller du ikke Lunar Liga for et hold, men for en klub. Det betyder, at du bliver en del af et f\u00e6llesskab, der str\u00e6kker sig langt ud over kampene p\u00e5 banen. Vi fokuserer p\u00e5 at opbygge relationer og skabe en atmosf\u00e6re, hvor alle f\u00f8ler sig velkomne og v\u00e6rdsatte.<\/p>\t\t\t\t\t\t\t\t<\/div>\n\t\t\t\t<\/div>\n\t\t\t\t<div class=\"elementor-element elementor-element-33875066 elementor-widget elementor-widget-text-editor\" data-id=\"33875066\" data-element_type=\"widget\" data-e-type=\"widget\" data-widget_type=\"text-editor.default\">\n\t\t\t\t<div class=\"elementor-widget-container\">\n\t\t\t\t\t\t\t\t\t<h3>F\u00e6llesskab og Sammenhold<\/h3><p>Vi tror p\u00e5, at f\u00e6llesskab styrker b\u00e5de spillet og oplevelsen. N\u00e5r du spiller i Lunar Liga i Padelton H\u00f8rning, m\u00f8der du andre engagerede spillere, som deler din passion for padel. Det handler om at have det sjovt sammen, st\u00f8tte hinanden og skabe nye venskaber, uanset om du er p\u00e5 vej mod sejren eller giver alt, hvad du har i et t\u00e6t opg\u00f8r.<\/p><h3>S\u00e5dan fungerer Lunar Liga<\/h3><p>Ligaen er opdelt i forskellige niveauer, s\u00e5 alle kan v\u00e6re med \u2013 lige fra Let \u00f8vet til erfarne padelspillere. Vi har i Padelton H\u00f8rning hold p\u00e5 alle niveauer, som betyder du vil blive matchet med spillere p\u00e5 dit eget niveau, s\u00e5 kampene altid er udfordrende og sjove.\u00a0<\/p><h3>Deltag i Vores Klub<\/h3><p>At blive en del af Lunar Liga i Padelton H\u00f8rning betyder, at du bliver en del af et levende og aktivt klubmilj\u00f8. Vi afholder sociale arrangementer, tr\u00e6ninger og f\u00e6llesaktiviteter, der styrker sammenholdet b\u00e5de p\u00e5 og uden for banen. Uanset om du kommer alene eller med venner, er du altid velkommen hos os.<\/p>\t\t\t\t\t\t\t\t<\/div>\n\t\t\t\t<\/div>\n\t\t\t\t<div class=\"elementor-element elementor-element-4aa8d201 elementor-align-left elementor-widget elementor-widget-button\" data-id=\"4aa8d201\" data-element_type=\"widget\" data-e-type=\"widget\" data-widget_type=\"button.default\">\n\t\t\t\t<div class=\"elementor-widget-container\">\n\t\t\t\t\t\t\t\t\t<div class=\"elementor-button-wrapper\">\n\t\t\t\t\t<a class=\"elementor-button elementor-button-link elementor-size-sm\" href=\"https:\/\/forms.office.com\/Pages\/ResponsePage.aspx?id=PiqSdw06qUSysUmUe3XKZAPxgZ3lFIJCo-47s1uXG3ZUQzFSSVFGNkdNTE9TWFczVUVISDg3SEQxUS4u\">\n\t\t\t\t\t\t<span class=\"elementor-button-content-wrapper\">\n\t\t\t\t\t\t\t\t\t<span class=\"elementor-button-text\">Jeg vil gerne skrives p\u00e5 venteliste til at spille Lunar Liga i Padelton H\u00f8rning<\/span>\n\t\t\t\t\t<\/span>\n\t\t\t\t\t<\/a>\n\t\t\t\t<\/div>\n\t\t\t\t\t\t\t\t<\/div>\n\t\t\t\t<\/div>\n\t\t\t\t<\/div>\n\t\t<div class=\"elementor-element elementor-element-17c6eb14 e-con-full e-flex e-con e-child\" data-id=\"17c6eb14\" data-element_type=\"container\" data-e-type=\"container\">\n\t\t\t\t<div class=\"elementor-element elementor-element-69ce2743 elementor-widget elementor-widget-image\" data-id=\"69ce2743\" data-element_type=\"widget\" data-e-type=\"widget\" data-widget_type=\"image.default\">\n\t\t\t\t<div class=\"elementor-widget-container\">\n\t\t\t\t\t\t\t\t\t\t\t\t\t\t\t<img fetchpriority=\"high\" decoding=\"async\" width=\"1024\" height=\"768\" src=\"https:\/\/padelton.dk\/wp-content\/uploads\/2024\/11\/image00009-1024x768.jpeg\" class=\"attachment-large size-large wp-image-857\" alt=\"\" srcset=\"https:\/\/padelton.dk\/wp-content\/uploads\/2024\/11\/image00009-1024x768.jpeg 1024w, https:\/\/padelton.dk\/wp-content\/uploads\/2024\/11\/image00009-300x225.jpeg 300w, https:\/\/padelton.dk\/wp-content\/uploads\/2024\/11\/image00009-768x576.jpeg 768w, https:\/\/padelton.dk\/wp-content\/uploads\/2024\/11\/image00009-1536x1152.jpeg 1536w, https:\/\/padelton.dk\/wp-content\/uploads\/2024\/11\/image00009.jpeg 2048w\" sizes=\"(max-width: 1024px) 100vw, 1024px\" \/>\t\t\t\t\t\t\t\t\t\t\t\t\t\t\t<\/div>\n\t\t\t\t<\/div>\n\t\t\t\t<\/div>\n\t\t\t\t\t<\/div>\n\t\t\t\t<\/div>\n\t\t<div class=\"elementor-element elementor-element-2b554f9 e-flex e-con-boxed e-con e-parent\" data-id=\"2b554f9\" data-element_type=\"container\" data-e-type=\"container\">\n\t\t\t\t\t<div class=\"e-con-inner\">\n\t\t<div class=\"elementor-element elementor-element-53d63db1 e-con-full e-flex e-con e-child\" data-id=\"53d63db1\" data-element_type=\"container\" data-e-type=\"container\">\n\t\t\t\t<div class=\"elementor-element elementor-element-4d53846f elementor-widget elementor-widget-heading\" data-id=\"4d53846f\" data-element_type=\"widget\" data-e-type=\"widget\" data-widget_type=\"heading.default\">\n\t\t\t\t<div class=\"elementor-widget-container\">\n\t\t\t\t\t<h2 class=\"elementor-heading-title elementor-size-default\">Tak til vores samarbejdspartnere p\u00e5 Lunar Liga i s\u00e6sonen 2024\/2025<\/h2>\t\t\t\t<\/div>\n\t\t\t\t<\/div>\n\t\t\t\t<\/div>\n\t\t<div class=\"elementor-element elementor-element-36ed57d0 e-con-full e-flex e-con e-child\" data-id=\"36ed57d0\" data-element_type=\"container\" data-e-type=\"container\">\n\t\t\t\t<div class=\"elementor-element elementor-element-27b56135 elementor-align-right elementor-widget elementor-widget-button\" data-id=\"27b56135\" data-element_type=\"widget\" data-e-type=\"widget\" data-widget_type=\"button.default\">\n\t\t\t\t<div class=\"elementor-widget-container\">\n\t\t\t\t\t\t\t\t\t<div class=\"elementor-button-wrapper\">\n\t\t\t\t\t<a class=\"elementor-button elementor-button-link elementor-size-sm\" href=\"#\">\n\t\t\t\t\t\t<span class=\"elementor-button-content-wrapper\">\n\t\t\t\t\t\t\t\t\t<span class=\"elementor-button-text\">BLIV SPONSOR<\/span>\n\t\t\t\t\t<\/span>\n\t\t\t\t\t<\/a>\n\t\t\t\t<\/div>\n\t\t\t\t\t\t\t\t<\/div>\n\t\t\t\t<\/div>\n\t\t\t\t<\/div>\n\t\t\t\t\t<\/div>\n\t\t\t\t<\/div>\n\t\t<div class=\"elementor-element elementor-element-16b6bccf e-flex e-con-boxed e-con e-parent\" data-id=\"16b6bccf\" data-element_type=\"container\" data-e-type=\"container\">\n\t\t\t\t\t<div class=\"e-con-inner\">\n\t\t\t\t<div class=\"elementor-element elementor-element-3be57d00 elementor-widget elementor-widget-image-gallery\" data-id=\"3be57d00\" data-element_type=\"widget\" data-e-type=\"widget\" data-widget_type=\"image-gallery.default\">\n\t\t\t\t<div class=\"elementor-widget-container\">\n\t\t\t\t\t\t\t<div class=\"elementor-image-gallery\">\n\t\t\t<div id='gallery-1' class='gallery galleryid-847 gallery-columns-6 gallery-size-thumbnail'><figure class='gallery-item'>\n\t\t\t<div class='gallery-icon landscape'>\n\t\t\t\t<a data-elementor-open-lightbox=\"yes\" data-elementor-lightbox-slideshow=\"3be57d00\" data-elementor-lightbox-title=\"745854_1_11_1stk_300x300cm\" data-e-action-hash=\"#elementor-action%3Aaction%3Dlightbox%26settings%3DeyJpZCI6NTg5LCJ1cmwiOiJodHRwczpcL1wvcGFkZWx0b24uZGtcL3dwLWNvbnRlbnRcL3VwbG9hZHNcLzIwMjNcLzEwXC83NDU4NTRfMV8xMV8xc3RrXzMwMHgzMDBjbS5wbmciLCJzbGlkZXNob3ciOiIzYmU1N2QwMCJ9\" href='https:\/\/padelton.dk\/wp-content\/uploads\/2023\/10\/745854_1_11_1stk_300x300cm.png'><img decoding=\"async\" width=\"150\" height=\"150\" src=\"https:\/\/padelton.dk\/wp-content\/uploads\/2023\/10\/745854_1_11_1stk_300x300cm-150x150.png\" class=\"attachment-thumbnail size-thumbnail\" alt=\"\" srcset=\"https:\/\/padelton.dk\/wp-content\/uploads\/2023\/10\/745854_1_11_1stk_300x300cm-150x150.png 150w, https:\/\/padelton.dk\/wp-content\/uploads\/2023\/10\/745854_1_11_1stk_300x300cm-300x300.png 300w, https:\/\/padelton.dk\/wp-content\/uploads\/2023\/10\/745854_1_11_1stk_300x300cm-768x768.png 768w, https:\/\/padelton.dk\/wp-content\/uploads\/2023\/10\/745854_1_11_1stk_300x300cm.png 1019w\" sizes=\"(max-width: 150px) 100vw, 150px\" \/><\/a>\n\t\t\t<\/div><\/figure><figure class='gallery-item'>\n\t\t\t<div class='gallery-icon landscape'>\n\t\t\t\t<a data-elementor-open-lightbox=\"yes\" data-elementor-lightbox-slideshow=\"3be57d00\" data-elementor-lightbox-title=\"RangeIT\" data-e-action-hash=\"#elementor-action%3Aaction%3Dlightbox%26settings%3DeyJpZCI6NjQ5LCJ1cmwiOiJodHRwczpcL1wvcGFkZWx0b24uZGtcL3dwLWNvbnRlbnRcL3VwbG9hZHNcLzIwMjRcLzEwXC9SYW5nZUlULmpwZyIsInNsaWRlc2hvdyI6IjNiZTU3ZDAwIn0%3D\" href='https:\/\/padelton.dk\/wp-content\/uploads\/2024\/10\/RangeIT.jpg'><img decoding=\"async\" width=\"150\" height=\"150\" src=\"https:\/\/padelton.dk\/wp-content\/uploads\/2024\/10\/RangeIT-150x150.jpg\" class=\"attachment-thumbnail size-thumbnail\" alt=\"\" \/><\/a>\n\t\t\t<\/div><\/figure><figure class='gallery-item'>\n\t\t\t<div class='gallery-icon landscape'>\n\t\t\t\t<a data-elementor-open-lightbox=\"yes\" data-elementor-lightbox-slideshow=\"3be57d00\" data-elementor-lightbox-title=\"745854_1_12_1stk_300x300cm\" data-e-action-hash=\"#elementor-action%3Aaction%3Dlightbox%26settings%3DeyJpZCI6NTkwLCJ1cmwiOiJodHRwczpcL1wvcGFkZWx0b24uZGtcL3dwLWNvbnRlbnRcL3VwbG9hZHNcLzIwMjNcLzEwXC83NDU4NTRfMV8xMl8xc3RrXzMwMHgzMDBjbS5wbmciLCJzbGlkZXNob3ciOiIzYmU1N2QwMCJ9\" href='https:\/\/padelton.dk\/wp-content\/uploads\/2023\/10\/745854_1_12_1stk_300x300cm.png'><img loading=\"lazy\" decoding=\"async\" width=\"150\" height=\"150\" src=\"https:\/\/padelton.dk\/wp-content\/uploads\/2023\/10\/745854_1_12_1stk_300x300cm-150x150.png\" class=\"attachment-thumbnail size-thumbnail\" alt=\"\" srcset=\"https:\/\/padelton.dk\/wp-content\/uploads\/2023\/10\/745854_1_12_1stk_300x300cm-150x150.png 150w, https:\/\/padelton.dk\/wp-content\/uploads\/2023\/10\/745854_1_12_1stk_300x300cm-300x300.png 300w, https:\/\/padelton.dk\/wp-content\/uploads\/2023\/10\/745854_1_12_1stk_300x300cm-768x768.png 768w, https:\/\/padelton.dk\/wp-content\/uploads\/2023\/10\/745854_1_12_1stk_300x300cm.png 1019w\" sizes=\"(max-width: 150px) 100vw, 150px\" \/><\/a>\n\t\t\t<\/div><\/figure>\n\t\t<\/div>\n\t\t<\/div>\n\t\t\t\t\t\t<\/div>\n\t\t\t\t<\/div>\n\t\t\t\t\t<\/div>\n\t\t\t\t<\/div>\n\t\t\t\t<\/div>\n\t\t","protected":false},"excerpt":{"rendered":"<p>Lunar Liga i Padelton H\u00f8rning Velkommen til Lunar Liga i Padelton H\u00f8rning! Hos Padelton H\u00f8rning er padel meget mere end blot en sport \u2013 det er en passion, et f\u00e6llesskab og en klub, du bliver en del af. Lunar Liga er vores platform, hvor vi samler padelentusiaster p\u00e5 alle niveauer og skaber et st\u00e6rkt, socialt &hellip;<\/p>\n<p class=\"read-more\"> <a class=\"\" href=\"https:\/\/padelton.dk\/?page_id=847\"> <span class=\"screen-reader-text\">Elementor #847<\/span> Read More &raquo;<\/a><\/p>\n","protected":false},"author":1,"featured_media":0,"parent":0,"menu_order":0,"comment_status":"closed","ping_status":"closed","template":"","meta":{"site-sidebar-layout":"no-sidebar","site-content-layout":"","ast-site-content-layout":"full-width-container","site-content-style":"default","site-sidebar-style":"default","ast-global-header-display":"","ast-banner-title-visibility":"","ast-main-header-display":"","ast-hfb-above-header-display":"","ast-hfb-below-header-display":"","ast-hfb-mobile-header-display":"","site-post-title":"disabled","ast-breadcrumbs-content":"","ast-featured-img":"disabled","footer-sml-layout":"","theme-transparent-header-meta":"","adv-header-id-meta":"","stick-header-meta":"","header-above-stick-meta":"","header-main-stick-meta":"","header-below-stick-meta":"","astra-migrate-meta-layouts":"","footnotes":""},"class_list":["post-847","page","type-page","status-publish","hentry"],"_links":{"self":[{"href":"https:\/\/padelton.dk\/index.php?rest_route=\/wp\/v2\/pages\/847","targetHints":{"allow":["GET"]}}],"collection":[{"href":"https:\/\/padelton.dk\/index.php?rest_route=\/wp\/v2\/pages"}],"about":[{"href":"https:\/\/padelton.dk\/index.php?rest_route=\/wp\/v2\/types\/page"}],"author":[{"embeddable":true,"href":"https:\/\/padelton.dk\/index.php?rest_route=\/wp\/v2\/users\/1"}],"replies":[{"embeddable":true,"href":"https:\/\/padelton.dk\/index.php?rest_route=%2Fwp%2Fv2%2Fcomments&post=847"}],"version-history":[{"count":4,"href":"https:\/\/padelton.dk\/index.php?rest_route=\/wp\/v2\/pages\/847\/revisions"}],"predecessor-version":[{"id":873,"href":"https:\/\/padelton.dk\/index.php?rest_route=\/wp\/v2\/pages\/847\/revisions\/873"}],"wp:attachment":[{"href":"https:\/\/padelton.dk\/index.php?rest_route=%2Fwp%2Fv2%2Fmedia&parent=847"}],"curies":[{"name":"wp","href":"https:\/\/api.w.org\/{rel}","templated":true}]}}